True
Is 907731 a multiple of 143?
False
Is 1138532 a multiple of 86?
False
Is 13 a factor of 702597?
False
Is 82 a factor of 104758?
False
Does 151 divide 796968?
False
Does 26 divide 2368392?
True
Is 9259440 a multiple of 30?
True
Does 28 divide 70415?
False
Is 2 a factor of 934810?
True
Does 33 divide 109567?
False
Is 8795332 a multiple of 14?
True
Is 116225 a multiple of 116?
False
Is 98 a factor of 29789?
False
Does 49 divide 8789458?
False
Does 6 divide 88890?
True
Does 23 divide 192928?
False
Is 69 a factor of 281316?
False
Does 324 divide 472392?
True
Is 1009 a factor of 1627203?
False
Is 85775 a multiple of 17?
False
Is 9 a factor of 6052923?
True
Is 16 a factor of 676256?
True
Is 2766233 a multiple of 320?
False
Is 3521062 a multiple of 8?
False
Does 2 divide 1637653?
False
Is 58675 a multiple of 6?
False
Is 18486600 a multiple of 16?
False
Is 219 a factor of 9146?
False
Is 1714046 a multiple of 41?
True
Is 1114 a factor of 292594?
False
Is 282 a factor of 577254?
True
Does 15 divide 2170875?
True
Does 36 divide 176076?
True
Is 25786281 a multiple of 39?
False
Is 4070232 a multiple of 162?
False
Is 1548060 a multiple of 19?
False
Is 67165 a multiple of 12?
False
Is 10897539 a multiple of 838?
False
Is 161 a factor of 78107?
False
Does 459 divide 21002127?
False
Is 27 a factor of 1626797?
False
Does 596 divide 196680?
True
Does 151 divide 756329?
False
Is 10 a factor of 3420?
True
Does 42 divide 22178?
False
Is 138550 a multiple of 34?
True
Is 11755604 a multiple of 14?
True
Does 90 divide 23822?
False
Does 338 divide 204152?
True
Does 757 divide 8667650?
True
Is 606578 a multiple of 14?
True
Is 511040 a multiple of 32?
True
Is 552 a factor of 13765306?
False
Does 12 divide 2512342?
False
Is 176596 a multiple of 177?
False
Is 112276 a multiple of 98?
False
Is 28 a factor of 17656?
False
Is 33 a factor of 943701?
True
Is 43510 a multiple of 19?
True
Does 1234 divide 4220280?
True
Is 12 a factor of 112884?
True
Does 260 divide 341236?
False
Does 15 divide 88657?
False
Is 1404654 a multiple of 193?
True
Is 5150910 a multiple of 1148?
False
Does 63 divide 2047563?
True
Does 191 divide 2805026?
True
Is 21655332 a multiple of 18?
True
Is 76 a factor of 95228?
True
Does 48 divide 385994?
False
Does 8 divide 171186?
False
Does 181 divide 2388657?
True
Is 13 a factor of 462790?
False
Is 8343 a multiple of 6?
False
Is 51543 a multiple of 9?
True
Is 65844 a multiple of 531?
True
Is 624819 a multiple of 517?
False
Is 14629417 a multiple of 473?
True
Is 11805336 a multiple of 23?
False
Is 247307 a multiple of 11?
False
Is 105552 a multiple of 18?
True
Is 57 a factor of 138567?
True
Is 4735071 a multiple of 15?
False
Does 3 divide 113847?
True
Does 4 divide 278168?
True
Is 42 a factor of 215334?
True
Is 6 a factor of 276192?
True
Is 268 a factor of 154967?
False
Does 129 divide 947510?
False
Is 128728 a multiple of 134?
False
Is 2427075 a multiple of 603?
True
Does 772 divide 3823737?
False
Does 29 divide 118001?
True
Is 28102 a multiple of 32?
False
Is 781 a factor of 1124024?
False
Is 733712 a multiple of 56?
True
Is 74801 a multiple of 170?
False
Does 8 divide 28088?
True
Is 1724193 a multiple of 1535?
False
Is 741485 a multiple of 522?
False
Is 1415053 a multiple of 25?
False
Is 1798 a multiple of 24?
False
Does 6 divide 4684614?
True
Does 27 divide 678132?
True
Is 397969 a multiple of 121?
True
Does 50 divide 1080800?
True
Is 2218326 a multiple of 11?
True
Is 49 a factor of 101828?
False
Is 26 a factor of 301054?
True
Does 3 divide 763775?
False
Is 16 a factor of 162452?
False
Is 345 a factor of 9715285?
False
Is 399 a factor of 331569?
True
Does 9 divide 7275726?
True
Is 888 a factor of 13892696?
False
Does 5 divide 1434820?
True
Does 6 divide 23584?
False
Is 3114176 a multiple of 241?
False
Is 2 a factor of 111347?
False
Does 18 divide 438469?
False
Is 202 a factor of 6415722?
True
Is 27 a factor of 707859?
True
Is 2777148 a multiple of 151?
False
Is 1704154 a multiple of 44?
False
Is 3213636 a multiple of 13?
False
Is 11938648 a multiple of 1123?
False
Does 7 divide 10708073?
False
Is 296 a factor of 1671808?
True
Is 18 a factor of 4948163?
False
Does 152 divide 699303?
False
Does 71 divide 453406?
True
Does 16 divide 408896?
True
Is 21 a factor of 233898?
True
Does 4 divide 9980?
True
Does 25 divide 95125?
True
Is 11526 a multiple of 467?
False
Is 13 a factor of 55055?
True
Is 136 a factor of 1067600?
True
Is 4 a factor of 328361?
False
Is 4031926 a multiple of 66?
False
Does 35 divide 4542074?
False
Is 6 a factor of 1680?
True
Is 37 a factor of 25776?
False
Does 6 divide 86458?
False
Is 21 a factor of 422037?
True
Is 299239 a multiple of 640?
False
Is 133185 a multiple of 39?
True
Does 45 divide 372814?
False
Is 6 a factor of 51788?
False
Is 9 a factor of 1914297?
False
Does 17 divide 11406827?
False
Is 304 a factor of 159904?
True
Does 56 divide 966743?
False
Is 1625778 a multiple of 782?
True
Is 9 a factor of 215342?
False
Is 4483512 a multiple of 17?
True
Is 296 a factor of 322429?
False
Is 207 a factor of 150661?
False
Is 296994 a multiple of 17?
False
Is 30 a factor of 1428445?
False
Does 13 divide 1962731?
False
Does 27 divide 1004427?
True
Does 452 divide 4603168?
True
Is 84 a factor of 526176?
True
Is 12 a factor of 222518?
False
Is 23 a factor of 84847?
True
Is 51 a factor of 41259?
True
Is 153571 a multiple of 148?
False
Is 22 a factor of 252252?
True
Is 23 a factor of 20391442?
False
Is 635 a factor of 882015?
True
Is 2503636 a multiple of 39?
False
Does 13 divide 7669310?
False
Is 6 a factor of 542472?
True
Is 2656106 a multiple of 9?
False
Is 1516250 a multiple of 55?
False
Is 3802496 a multiple of 487?
True
Does 119 divide 15883?
False
Does 10 divide 277089?
False
Is 29 a factor of 878845?
True
Is 18 a factor of 576702?
True
Does 1235 divide 11364301?
False
Does 12 divide 7102634?
False
Is 464695 a multiple of 85?
True
Is 26 a factor of 660608?
True
Is 409502 a multiple of 7?
False
Is 500 a factor of 2439500?
True
Is 2067000 a multiple of 40?
True
Is 144512 a multiple of 8?
True
Is 446592 a multiple of 26?
False
Is 10 a factor of 60297?
False
Is 736226 a multiple of 40?
False
Does 11 divide 22410?
False
Does 18 divide 62244?
True
Does 36 divide 55364?
False
Is 3472362 a multiple of 27?
True
Is 76 a factor of 20292?
True
Is 59 a factor of 74458?
True
Does 40 divide 1355132?
False
Does 59 divide 508179?
False
Is 1945 a factor of 1230035?
False
Does 41 divide 6235854?
True
Is 236 a factor of 140755?
False
Does 6 divide 1835604?
True
Is 29 a factor of 175623?
False
Does 3 divide 102149?
False
Is 234084 a multiple of 4?
True
Does 32 divide 22112?
True
Is 169 a factor of 609602?
False
Is 450 a factor of 176850?
True
Does 55 divide 1476488?
False
Does 93 divide 1065680?
False
Is 2085404 a multiple of 13?
False
Is 357 a factor of 458496?
False
Does 87 divide 7167632?
False
Does 6 divide 1560989?
False
Is 1459995 a multiple of 322?
False
Is 2 a factor of 1723497?
False
Is 41 a factor of 273063?
False
Is 5468008 a multiple of 58?
True
Is 554 a factor of 3546446?
False
Is 1381824 a multiple of 288?
True
Is 5557893 a multiple of 11?
True
Is 54 a factor of 202446?
True
Does 2 divide 19721?
False
Does 61 divide 1287466?
True
Is 14445248 a multiple of 172?
True
Is 79 a factor of 480004?
True
Is 40 a factor of 218677?
False
Is 16 a factor of 405441?
False
Is 29 a factor of 52153?
False
Is 5935030 a multiple of 156?
False
Does 15 divide 120105?
True
Does 728 divide 555464?
True
Does 32 divide 79641?
False
Is 5 a factor of 5377964?
False
Is 46 a factor of 4280116?
True
Is 42221 a multiple of 19?
False
Does 199 divide 1390878?
False
Does 29 divide 12267?
True
Is 2767340 a multiple of 358?
True
Is 24 a factor of 1585896?
True
Does 505 divide 829210?
True
Is 3162692 a multiple of 94?
False
Does 3 divide 30068?
False
Is 515 a factor of 19570?
True
Is 161 a factor of 10496961?
False
Is 98484 a multiple of 393?
False
Does 50 divide 16745657?
False
Is 66860 a multiple of 5?
True
Is 62 a factor of 474114?
True
Is 86 a factor of 396845?
False
Is 2003904 a multiple of 219?
False
Is 1415077 a multiple of 32?
False
Is 3617915 a multiple of 207?
False
Is 797 a factor of 171037?
False
Is 1399290 a multiple of 13?
False
Does 21 divide 39426?
False
Is 14